the prime factors of v.
3, 5
Suppose -3*h + 531 = -3*u, h + 4*u - 202 = -0*h. Let f = h - 156. What are the prime factors of f?
2, 13
Let r(t) = -t**3 - t**2 - 4*t - 12. Let s be r(-2). Suppose -3*k = -s*k - d - 806, 2*k - 2*d = 544. List the prime factors of k.
3, 89
Suppose -78026 = -2*r - 4*s, -6*s - 16 - 20 = 0. What are the prime factors of r?
5, 7, 223
Suppose 0 = -3*s + 2*q + 5, 2*q - 9 = -3*s + 4. What are the prime factors of (20/5 - -66) + -1 + s?
2, 3
Suppose -31*d - 28 = -35*d, 5*g - 3*d = 111334. List the prime factors of g.
22271
Suppose -2*k - 3*k + 15 = -5*y, 5*y + 10 = 4*k. Suppose -5*x + 2005 = k*a, 0*x = x - 5*a - 407. What are the prime factors of x?
2, 3, 67
What are the prime factors of (-14)/(((-1)/(1091/2184) - -2)/1)?
7, 1091
Let r be (-9)/((3/(-26))/1). Suppose 0 = r*p - 95*p + 13498. What are the prime factors of p?
2, 397
List the prime factors of (4 - (2 + (-2 - -6))) + 8843.
3, 7, 421
Let s = -7923 + 54979. What are the prime factors of s?
2, 17, 173
Let j = -39 - -36. Let n(h) = 3*h**2 + 9*h + 3. Let l be n(j). Suppose l*o = t - 45, 2*t = -2*o - 3*o + 90. What are the prime factors of t?
3, 5
Let u = 48303 - 34137. List the prime factors of u.
2, 3, 787
Let n(x) = -x**2 + 13*x - 51. Let b be n(21). Let a = 178 - b. What are the prime factors of a?
397
Let u = -116 - -419. Suppose 0 = -14*l - u + 2725. What are the prime factors of l?
173
Suppose -689*h + 816*h - 1756791 = 0. What are the prime factors of h?
3, 29, 53
Let t(s) = 31 + 5*s + 7 - 60. Let v be t(5). Suppose -5*j - 5*l = -620, j = -8*l + v*l + 108. What are the prime factors of j?
2
Let n(i) = 46*i**3 - 58*i**2 - 8*i - 14. List the prime factors of n(7).
2, 7, 919
Suppose -s + 17*u + 1857 = 16*u, 5573 = 3*s - 2*u. What are the prime factors of s?
11, 13
Suppose 5*l - u - 176609 = 0, 0 = -1159*l + 1164*l + 2*u - 176612. What are the prime factors of l?
2, 3, 7, 29
Suppose -2*h + 383018 = 18*o, -4*h + 2*h - 4 = 0. List the prime factors of o.
3, 41, 173
What are the prime factors of 602/(-43) - (-10158 + 2)?
2, 11, 461
Suppose -5*y + 64 - 20 = 4*s, -3*y = 4*s - 52. Let a be -6*4*26/s. List the prime factors of (-26)/a + 1448/6.
2, 11
Let p(q) = 4200*q - 992. What are the prime factors of p(12)?
2, 193
Let f = -11037 - -29668. What are the prime factors of f?
31, 601
Suppose -53*y + 2835618 = 534146. List the prime factors of y.
2, 23, 59
Let k(l) = -25*l - 46. Let b be k(-2). What are the prime factors of b/3 + (-77272)/(-78)?
2, 31
Let m = -16 - -19. Let a(o) = 225*o - 35. What are the prime factors of a(m)?
2, 5
Let b(u) be the third derivative of u**5/15 - 2*u**4/3 + 23*u**3/6 - 13*u**2. Suppose a - 23 = -0*a + 4*z, -20 = 5*z. What are the prime factors of b(a)?
107
Suppose 5*p + 11 = -o, 4*o - 3*p - 21 = o. Let t be ((-16)/o + 5)*1*-3. Let v = 7 + t. What are the prime factors of v?
2
Let s(f) = 8*f**2 - 10*f + 7. Let d(u) = -9*u**2 + 11*u - 8. Let p(a) = 5*d(a) + 6*s(a). Let g = 7 - 1. What are the prime factors of p(g)?
2, 5
Let h be 3*-10*5/(-30). Suppose h*q = 7*q - 8. Suppose -q*t - 5*y + 640 = 0, -2*y = 2*t - 0*t - 322. What are the prime factors of t?
3, 5, 11
Let y be 6 + -2 + (-8)/2. Let v be -7*((-6)/(-4)*-4 + y). Suppose -w + v = -6. List the prime factors of w.
2, 3
Suppose -9*f + 48747 = -3*o, 9*f + 2*o = 6*f + 16246. List the prime factors of f.
2, 677
Suppose 3*r - 7 = 11. Let y(w) = -w**2 + 2*w + 2. Let d be y(r). Let z = d + 45. List the prime factors of z.
23
Suppose 3*a + 4*v - 74590 = 0, 113*a - 3*v - 49755 = 111*a. What are the prime factors of a?
2, 3, 5, 829
Suppose h - 4*k = 185, -4*h + 6*h + 5*k - 370 = 0. Suppose -273 = 6*z - 868 - 185. Let t = h - z. List the prime factors of t.
5, 11
Suppose 2209 = -3*c + 2236, -h + 4*c + 53817 = 0. List the prime factors of h.
3, 29, 619
Suppose -85*g + 60202 + 117063 + 1228975 = 0. What are the prime factors of g?
2, 11, 47
Let g(u) = u**2 + 11*u - 19. Let i be g(-6). List the prime factors of 21/i - 1815/(-21).
2, 43
Let s(h) = -h**3 - 5*h**2 + 11*h - 10. Let m be s(-7). Let f = 10 - m. List the prime factors of (-5 + 4)*-3 + 1 + f.
3
Suppose -15*v - 33 = -4*v. Let n(u) = -26*u - 12*u - 9*u - 5 - 17*u. List the prime factors of n(v).
11, 17
Suppose 32523 = 11*a + 4185 - 54085. List the prime factors of a.
59, 127
Let t(a) = -22*a - 5. Let n be t(-3). Suppose -v = -51 - n. Suppose 3*g - 106 = -m, m - 2*g + 3*g = v. What are the prime factors of m?
5, 23
Suppose 4*l - 6 = 6*l. Let v be 2 - 0/l*(-2 - -1). Suppose -354 = -4*a - 0*q + v*q, 3*a - 2*q = 268. What are the prime factors of a?
2, 43
Suppose 3*n + 4 = 4*d, 0 = 4*n - 8*n. Let p be (d/((-4)/381))/((-3)/8). Suppose 0 = 5*l - 4*l - p. What are the prime factors of l?
2, 127
Let a be ((-56)/(-8) + -6)*(2 + -2). Suppose a = -m + 4*k + 449 - 23, 1317 = 3*m + k. What are the prime factors of m?
2, 3, 73
Let b(o) = 1837*o + 847. List the prime factors of b(4).
5, 11, 149
Suppose 55*l - 71*l + 413322 + 112518 = 0. What are the prime factors of l?
3, 5, 7, 313
Let q be (2/(-3))/((-10)/(-3195)). List the prime factors of (-793)/(-3) - (-284)/q.
263
Let i be 11892*((-1)/4)/(2/4). Let g be (-10)/55 - i/33. Suppose -4*q + g = 2*y, 3*y + 0*y - 4*q - 250 = 0. List the prime factors of y.
2, 43
Suppose 3 - 4 = n, 3*n + 320 = -z. Let w = z - -477. Suppose w + 152 = 3*m. What are the prime factors of m?
2, 13
Let k(j) = 15*j - 12. Let a be 0 - 1 - 1 - -4. Let i = a + 3. List the prime factors of k(i).
3, 7
Let l = 73310 - 35884. What are the prime factors of l?
2, 18713
Suppose 6 = -4*s + 190. What are the prime factors of (2/(-5))/(s/(-136390))?
2, 593
Suppose -4*b - 852 = -j - 2*b, -4*b = 2*j - 1728. Suppose -a - 4*p + j = 0, -a - 2*p = -139 - 725. What are the prime factors of a?
2, 3, 5, 29
Let l = 1575 - 1552. Let u(k) = -17 + 0*k**2 - 8*k - 54 + k**2. What are the prime factors of u(l)?
2, 137
Let t = 4874 - 3449. Suppose 1095 + t = 5*a. Suppose 0 = -4*p + 16, -2*l = -4*l - p + a. List the prime factors of l.
2, 5
Suppose -5*d + 95 = -f, -5*d - 417 = 5*f + 148. List the prime factors of 1*2*(-12375)/f.
3, 5
Let i be (-15 + -3)/((-1)/(-2)). Let f(d) = 10*d - 90. Let p be f(10). Let r = p - i. List the prime factors of r.
2, 23
Let x = 7 + 25. Suppose -4*p = 4*a - x, -3*a - p - 4*p + 34 = 0. List the prime factors of a*3 + 1 + -2.
2
Let c(y) = 3*y - 1. Let w be c(-4). Let h(g) = g**3 + 13*g**2 - 1. Let d be h(w). What are the prime factors of (-99 - -6)*d*1?
3, 31
Let s(u) = -u**2 - 8*u - 5. Let c be s(-2). Suppose -13 = -4*z + r, -5*r - 5 = 2*z - c*z. Suppose z - 376 = -3*h. What are the prime factors of h?
2, 31
Suppose -17*r = -13*r - k - 1874, -2 = k. Suppose -2*h + 5*a + 198 = 0, 16*a - 15*a = -5*h + r. What are the prime factors of h?
2, 47
Let d(f) = 39*f - 194. Let x be d(6). List the prime factors of x/(-120) + 6218/6.
2, 7, 37
Suppose -18576 = -62*g + 56*g. Suppose -3*h - 844 + g = 2*r, 5*r = -h + 768. List the prime factors of h.
2, 11, 17
Suppose -l + 21*l - 61420 = 16*l. List the prime factors of l.
5, 37, 83
What are the prime factors of -1*(111925/(-7) - 28/(-98))?
59, 271
Let m(b) = -15*b**3 + b**2 + 15*b + 6. List the prime factors of m(-4).
2, 461
Let p(h) be the first derivative of 91*h**2/2 - 126*h + 170. List the prime factors of p(9).
3, 7, 11
Let d = -224 + 1528. Suppose n = -3*x + 1961, 0 = -0*x - 2*x - 4*n + d. What are the prime factors of x?
2, 3, 109
Let x be 5/2 + -8*9/144. Suppose -2*h - p - 818 = -3*h, 3*p = x*h - 1637. What are the prime factors of h?
19, 43
Let o(x) = 198*x**2 + 60*x - 105. What are the prime factors of o(-5)?
3, 5, 101
Let s(g) = 91*g + 720. Let z be s(-8). Suppose 4*v + 22 - 198 = 0. List the prime factors of ((-187)/v)/(-1 - 6/z).
17
Suppose -46545 = -9*p - 0*p + 48117. What are the prime factors of p?
2, 3, 1753
Let w be 2/(-3) - (82/(-6) + 1). Suppose 23*b - 330 = w*b. What are the prime factors of -6*((-545)/b + 2)?
97
Suppose 3*n - 20 = 2*n. Let t = -72 + 29. Let m = n - t. List the prime factors of m.
3, 7
Let j be (-6 - -9) + (0/3 - -1). Suppose -j*t - 500 = -g + 172, -4*t + 8 = 0. What are the prime factors of g?
2, 5, 17
Let v = 5983 - 498. List the prime factors of v.
5, 1097
Let d(f) = -429*f**3 - 2*f**2 + 5*f - 3. Let c be d(1). What are the prime factors of (28/(-2))/(-12 + (-5